{"id":11,"date":"2023-02-18T12:05:43","date_gmt":"2023-02-18T12:05:43","guid":{"rendered":"https:\/\/www.boyabatozgurvinc.com\/?page_id=11"},"modified":"2023-09-05T14:18:17","modified_gmt":"2023-09-05T14:18:17","slug":"iletisim-sinop-boyabat","status":"publish","type":"page","link":"https:\/\/www.boyabatozgurvinc.com\/index.php\/iletisim-sinop-boyabat\/","title":{"rendered":"\u0130leti\u015fim:"},"content":{"rendered":"\n<p>Sinop, Boyabat, Gerze, Sarayd\u00fcz\u00fc, Dura\u011fan, Han\u00f6n\u00fc, Ta\u015fk\u00f6pr\u00fc&nbsp;gibi \u00e7evre illeri bizimle ileti\u015fime ge\u00e7ebilirler.<\/p>\n","protected":false},"excerpt":{"rendered":"<p>Sinop, Boyabat, Gerze, Sarayd\u00fcz\u00fc, Dura\u011fan, Han\u00f6n\u00fc, Ta\u015fk\u00f6pr\u00fc&nbsp;gibi \u00e7evre illeri bizimle ileti\u015fime ge\u00e7ebilirler.<\/p>\n","protected":false},"author":1,"featured_media":0,"parent":0,"menu_order":0,"comment_status":"closed","ping_status":"closed","template":"","meta":{"om_disable_all_campaigns":false,"_monsterinsights_skip_tracking":false,"_monsterinsights_sitenote_active":false,"_monsterinsights_sitenote_note":"","_monsterinsights_sitenote_category":0,"_uf_show_specific_survey":0,"_uf_disable_surveys":false,"footnotes":""},"class_list":["post-11","page","type-page","status-publish","hentry"],"aioseo_notices":[],"yoast_head":"<!-- This site is optimized with the Yoast SEO plugin v23.6 - https:\/\/yoast.com\/wordpress\/plugins\/seo\/ -->\n<title>\u0130leti\u015fim - \u00d6zg\u00fcr Vin\u00e7-boyabat sinop vinc bize ula\u015f\u0131n<\/title>\n<meta name=\"description\" content=\"Boyabat vin\u00e7,Sinop vin\u00e7,Dura\u011fan vin\u00e7,Han\u00f6n\u00fc vin\u00e7,Sarayd\u00fcz\u00fc Vin\u00e7,Gerze vin\u00e7,Ta\u015fk\u00f6pr\u00fc vin\u00e7,Kiral\u0131k vin\u00e7 ,Vin\u00e7 kiralama,sinop,boyabat\" \/>\n<meta name=\"robots\" content=\"index, follow, max-snippet:-1, max-image-preview:large, max-video-preview:-1\" \/>\n<link rel=\"canonical\" href=\"https:\/\/www.boyabatozgurvinc.com\/index.php\/iletisim-sinop-boyabat\/\" \/>\n<meta property=\"og:locale\" content=\"en_US\" \/>\n<meta property=\"og:type\" content=\"article\" \/>\n<meta property=\"og:title\" content=\"\u0130leti\u015fim - \u00d6zg\u00fcr Vin\u00e7-boyabat sinop vinc bize ula\u015f\u0131n\" \/>\n<meta property=\"og:description\" content=\"Boyabat vin\u00e7,Sinop vin\u00e7,Dura\u011fan vin\u00e7,Han\u00f6n\u00fc vin\u00e7,Sarayd\u00fcz\u00fc Vin\u00e7,Gerze vin\u00e7,Ta\u015fk\u00f6pr\u00fc vin\u00e7,Kiral\u0131k vin\u00e7 ,Vin\u00e7 kiralama,sinop,boyabat\" \/>\n<meta property=\"og:url\" content=\"https:\/\/www.boyabatozgurvinc.com\/index.php\/iletisim-sinop-boyabat\/\" \/>\n<meta property=\"og:site_name\" content=\"\u00d6zg\u00fcr Vin\u00e7\" \/>\n<meta property=\"article:modified_time\" content=\"2023-09-05T14:18:17+00:00\" \/>\n<meta name=\"twitter:card\" content=\"summary_large_image\" \/>\n<meta name=\"twitter:label1\" content=\"Est. reading time\" \/>\n\t<meta name=\"twitter:data1\" content=\"1 minute\" \/>\n<script type=\"application\/ld+json\" class=\"yoast-schema-graph\">{\"@context\":\"https:\/\/schema.org\",\"@graph\":[{\"@type\":\"WebPage\",\"@id\":\"https:\/\/www.boyabatozgurvinc.com\/index.php\/iletisim-sinop-boyabat\/\",\"url\":\"https:\/\/www.boyabatozgurvinc.com\/index.php\/iletisim-sinop-boyabat\/\",\"name\":\"\u0130leti\u015fim - \u00d6zg\u00fcr Vin\u00e7-boyabat sinop vinc bize ula\u015f\u0131n\",\"isPartOf\":{\"@id\":\"https:\/\/www.boyabatozgurvinc.com\/#website\"},\"datePublished\":\"2023-02-18T12:05:43+00:00\",\"dateModified\":\"2023-09-05T14:18:17+00:00\",\"description\":\"Boyabat vin\u00e7,Sinop vin\u00e7,Dura\u011fan vin\u00e7,Han\u00f6n\u00fc vin\u00e7,Sarayd\u00fcz\u00fc Vin\u00e7,Gerze vin\u00e7,Ta\u015fk\u00f6pr\u00fc vin\u00e7,Kiral\u0131k vin\u00e7 ,Vin\u00e7 kiralama,sinop,boyabat\",\"breadcrumb\":{\"@id\":\"https:\/\/www.boyabatozgurvinc.com\/index.php\/iletisim-sinop-boyabat\/#breadcrumb\"},\"inLanguage\":\"en-US\",\"potentialAction\":[{\"@type\":\"ReadAction\",\"target\":[\"https:\/\/www.boyabatozgurvinc.com\/index.php\/iletisim-sinop-boyabat\/\"]}]},{\"@type\":\"BreadcrumbList\",\"@id\":\"https:\/\/www.boyabatozgurvinc.com\/index.php\/iletisim-sinop-boyabat\/#breadcrumb\",\"itemListElement\":[{\"@type\":\"ListItem\",\"position\":1,\"name\":\"Home\",\"item\":\"https:\/\/www.boyabatozgurvinc.com\/\"},{\"@type\":\"ListItem\",\"position\":2,\"name\":\"\u0130leti\u015fim:\"}]},{\"@type\":\"WebSite\",\"@id\":\"https:\/\/www.boyabatozgurvinc.com\/#website\",\"url\":\"https:\/\/www.boyabatozgurvinc.com\/\",\"name\":\"\u00d6zg\u00fcr Vin\u00e7\",\"description\":\"Boyabat vin\u00e7\",\"potentialAction\":[{\"@type\":\"SearchAction\",\"target\":{\"@type\":\"EntryPoint\",\"urlTemplate\":\"https:\/\/www.boyabatozgurvinc.com\/?s={search_term_string}\"},\"query-input\":{\"@type\":\"PropertyValueSpecification\",\"valueRequired\":true,\"valueName\":\"search_term_string\"}}],\"inLanguage\":\"en-US\"}]}<\/script>\n<!-- \/ Yoast SEO plugin. -->","yoast_head_json":{"title":"\u0130leti\u015fim - \u00d6zg\u00fcr Vin\u00e7-boyabat sinop vinc bize ula\u015f\u0131n","description":"Boyabat vin\u00e7,Sinop vin\u00e7,Dura\u011fan vin\u00e7,Han\u00f6n\u00fc vin\u00e7,Sarayd\u00fcz\u00fc Vin\u00e7,Gerze vin\u00e7,Ta\u015fk\u00f6pr\u00fc vin\u00e7,Kiral\u0131k vin\u00e7 ,Vin\u00e7 kiralama,sinop,boyabat","robots":{"index":"index","follow":"follow","max-snippet":"max-snippet:-1","max-image-preview":"max-image-preview:large","max-video-preview":"max-video-preview:-1"},"canonical":"https:\/\/www.boyabatozgurvinc.com\/index.php\/iletisim-sinop-boyabat\/","og_locale":"en_US","og_type":"article","og_title":"\u0130leti\u015fim - \u00d6zg\u00fcr Vin\u00e7-boyabat sinop vinc bize ula\u015f\u0131n","og_description":"Boyabat vin\u00e7,Sinop vin\u00e7,Dura\u011fan vin\u00e7,Han\u00f6n\u00fc vin\u00e7,Sarayd\u00fcz\u00fc Vin\u00e7,Gerze vin\u00e7,Ta\u015fk\u00f6pr\u00fc vin\u00e7,Kiral\u0131k vin\u00e7 ,Vin\u00e7 kiralama,sinop,boyabat","og_url":"https:\/\/www.boyabatozgurvinc.com\/index.php\/iletisim-sinop-boyabat\/","og_site_name":"\u00d6zg\u00fcr Vin\u00e7","article_modified_time":"2023-09-05T14:18:17+00:00","twitter_card":"summary_large_image","twitter_misc":{"Est. reading time":"1 minute"},"schema":{"@context":"https:\/\/schema.org","@graph":[{"@type":"WebPage","@id":"https:\/\/www.boyabatozgurvinc.com\/index.php\/iletisim-sinop-boyabat\/","url":"https:\/\/www.boyabatozgurvinc.com\/index.php\/iletisim-sinop-boyabat\/","name":"\u0130leti\u015fim - \u00d6zg\u00fcr Vin\u00e7-boyabat sinop vinc bize ula\u015f\u0131n","isPartOf":{"@id":"https:\/\/www.boyabatozgurvinc.com\/#website"},"datePublished":"2023-02-18T12:05:43+00:00","dateModified":"2023-09-05T14:18:17+00:00","description":"Boyabat vin\u00e7,Sinop vin\u00e7,Dura\u011fan vin\u00e7,Han\u00f6n\u00fc vin\u00e7,Sarayd\u00fcz\u00fc Vin\u00e7,Gerze vin\u00e7,Ta\u015fk\u00f6pr\u00fc vin\u00e7,Kiral\u0131k vin\u00e7 ,Vin\u00e7 kiralama,sinop,boyabat","breadcrumb":{"@id":"https:\/\/www.boyabatozgurvinc.com\/index.php\/iletisim-sinop-boyabat\/#breadcrumb"},"inLanguage":"en-US","potentialAction":[{"@type":"ReadAction","target":["https:\/\/www.boyabatozgurvinc.com\/index.php\/iletisim-sinop-boyabat\/"]}]},{"@type":"BreadcrumbList","@id":"https:\/\/www.boyabatozgurvinc.com\/index.php\/iletisim-sinop-boyabat\/#breadcrumb","itemListElement":[{"@type":"ListItem","position":1,"name":"Home","item":"https:\/\/www.boyabatozgurvinc.com\/"},{"@type":"ListItem","position":2,"name":"\u0130leti\u015fim:"}]},{"@type":"WebSite","@id":"https:\/\/www.boyabatozgurvinc.com\/#website","url":"https:\/\/www.boyabatozgurvinc.com\/","name":"\u00d6zg\u00fcr Vin\u00e7","description":"Boyabat vin\u00e7","potentialAction":[{"@type":"SearchAction","target":{"@type":"EntryPoint","urlTemplate":"https:\/\/www.boyabatozgurvinc.com\/?s={search_term_string}"},"query-input":{"@type":"PropertyValueSpecification","valueRequired":true,"valueName":"search_term_string"}}],"inLanguage":"en-US"}]}},"_links":{"self":[{"href":"https:\/\/www.boyabatozgurvinc.com\/index.php\/wp-json\/wp\/v2\/pages\/11","targetHints":{"allow":["GET"]}}],"collection":[{"href":"https:\/\/www.boyabatozgurvinc.com\/index.php\/wp-json\/wp\/v2\/pages"}],"about":[{"href":"https:\/\/www.boyabatozgurvinc.com\/index.php\/wp-json\/wp\/v2\/types\/page"}],"author":[{"embeddable":true,"href":"https:\/\/www.boyabatozgurvinc.com\/index.php\/wp-json\/wp\/v2\/users\/1"}],"replies":[{"embeddable":true,"href":"https:\/\/www.boyabatozgurvinc.com\/index.php\/wp-json\/wp\/v2\/comments?post=11"}],"version-history":[{"count":3,"href":"https:\/\/www.boyabatozgurvinc.com\/index.php\/wp-json\/wp\/v2\/pages\/11\/revisions"}],"predecessor-version":[{"id":74,"href":"https:\/\/www.boyabatozgurvinc.com\/index.php\/wp-json\/wp\/v2\/pages\/11\/revisions\/74"}],"wp:attachment":[{"href":"https:\/\/www.boyabatozgurvinc.com\/index.php\/wp-json\/wp\/v2\/media?parent=11"}],"curies":[{"name":"wp","href":"https:\/\/api.w.org\/{rel}","templated":true}]}}